{"id":632,"date":"2020-08-30T17:00:29","date_gmt":"2020-08-30T17:00:29","guid":{"rendered":"https:\/\/www.desdeunrincon.site\/?page_id=632"},"modified":"2025-05-24T18:06:34","modified_gmt":"2025-05-24T18:06:34","slug":"sobremi","status":"publish","type":"page","link":"https:\/\/www.desdeunrincon.site\/index.php\/sobremi\/","title":{"rendered":"Sobre mi"},"content":{"rendered":"\t\t<div data-elementor-type=\"wp-page\" data-elementor-id=\"632\" class=\"elementor elementor-632\">\n\t\t\t\t\t\t<section class=\"elementor-section elementor-top-section elementor-element elementor-element-6631204 elementor-section-boxed elementor-section-height-default elementor-section-height-default\" data-id=\"6631204\" data-element_type=\"section\">\n\t\t\t\t\t\t<div class=\"elementor-container elementor-column-gap-default\">\n\t\t\t\t\t<div class=\"elementor-column elementor-col-100 elementor-top-column elementor-element elementor-element-f1935dc\" data-id=\"f1935dc\" data-element_type=\"column\">\n\t\t\t<div class=\"elementor-widget-wrap elementor-element-populated\">\n\t\t\t\t\t\t<div class=\"elementor-element elementor-element-db7e1b7 elementor-widget elementor-widget-image\" data-id=\"db7e1b7\" data-element_type=\"widget\" data-widget_type=\"image.default\">\n\t\t\t\t<div class=\"elementor-widget-container\">\n\t\t\t\t\t\t\t\t\t\t\t\t\t\t\t<img fetchpriority=\"high\" decoding=\"async\" width=\"1220\" height=\"686\" src=\"https:\/\/www.desdeunrincon.site\/wp-content\/uploads\/2022\/02\/Sin-ti\u0301tulo.jpg\" class=\"attachment-large size-large wp-image-15562\" alt=\"\" srcset=\"https:\/\/www.desdeunrincon.site\/wp-content\/uploads\/2022\/02\/Sin-ti\u0301tulo.jpg 1920w, https:\/\/www.desdeunrincon.site\/wp-content\/uploads\/2022\/02\/Sin-ti\u0301tulo-300x169.jpg 300w, https:\/\/www.desdeunrincon.site\/wp-content\/uploads\/2022\/02\/Sin-ti\u0301tulo-768x432.jpg 768w, https:\/\/www.desdeunrincon.site\/wp-content\/uploads\/2022\/02\/Sin-ti\u0301tulo-1536x864.jpg 1536w, https:\/\/www.desdeunrincon.site\/wp-content\/uploads\/2022\/02\/Sin-ti\u0301tulo-260x146.jpg 260w, https:\/\/www.desdeunrincon.site\/wp-content\/uploads\/2022\/02\/Sin-ti\u0301tulo-50x28.jpg 50w, https:\/\/www.desdeunrincon.site\/wp-content\/uploads\/2022\/02\/Sin-ti\u0301tulo-133x75.jpg 133w\" sizes=\"(max-width:767px) 480px, (max-width:1220px) 100vw, 1220px\" \/>\t\t\t\t\t\t\t\t\t\t\t\t\t\t\t<\/div>\n\t\t\t\t<\/div>\n\t\t\t\t<section class=\"elementor-section elementor-inner-section elementor-element elementor-element-0958173 elementor-section-boxed elementor-section-height-default elementor-section-height-default\" data-id=\"0958173\" data-element_type=\"section\" data-settings=\"{&quot;background_background&quot;:&quot;classic&quot;}\">\n\t\t\t\t\t\t<div class=\"elementor-container elementor-column-gap-default\">\n\t\t\t\t\t<div class=\"elementor-column elementor-col-50 elementor-inner-column elementor-element elementor-element-b6e0ee9\" data-id=\"b6e0ee9\" data-element_type=\"column\">\n\t\t\t<div class=\"elementor-widget-wrap elementor-element-populated\">\n\t\t\t\t\t\t<div class=\"elementor-element elementor-element-d8073f0 elementor-widget elementor-widget-text-editor\" data-id=\"d8073f0\" data-element_type=\"widget\" data-widget_type=\"text-editor.default\">\n\t\t\t\t<div class=\"elementor-widget-container\">\n\t\t\t\t\t\t\t\t\t<p data-start=\"130\" data-end=\"524\"><strong data-start=\"130\" data-end=\"208\">M\u00e9dico de urgencias, m\u00fasico desde la adolescencia y apasionado del mundo audiovisual.<\/strong><\/p><p data-start=\"130\" data-end=\"524\">Compagino mi vocaci\u00f3n m\u00e9dica con la m\u00fasica, que inici\u00e9 como guitarrista de <strong data-start=\"286\" data-end=\"297\">\u00c1tico B<\/strong>, banda con la que sigo vinculado. A lo largo de los a\u00f1os, mi uni\u00f3n con la creaci\u00f3n musical ha crecido de la mano de grandes referentes como <strong data-start=\"440\" data-end=\"456\">Sergio Muela<\/strong>, con quien aprend\u00ed los entresijos de la producci\u00f3n musical en <strong data-start=\"506\" data-end=\"523\">Estudio \u00c1tica<\/strong>.<\/p><p data-start=\"526\" data-end=\"853\">Desde ni\u00f1o tambi\u00e9n he sentido una fuerte conexi\u00f3n con el v\u00eddeo: empec\u00e9 con un viejo Super 8 de mi padre y hoy canalizo esa pasi\u00f3n editando proyectos audiovisuales y musicales, siempre explorando nuevas herramientas y tecnolog\u00edas. Me gusta crear, experimentar y colaborar, manteniendo viva la misma energ\u00eda creativa que me acompa\u00f1a desde siempre.<\/p>\t\t\t\t\t\t\t\t<\/div>\n\t\t\t\t<\/div>\n\t\t\t\t\t<\/div>\n\t\t<\/div>\n\t\t\t\t<div class=\"elementor-column elementor-col-50 elementor-inner-column elementor-element elementor-element-db4516c\" data-id=\"db4516c\" data-element_type=\"column\">\n\t\t\t<div class=\"elementor-widget-wrap elementor-element-populated\">\n\t\t\t\t\t\t<div class=\"elementor-element elementor-element-ae4a01a elementor-widget elementor-widget-text-editor\" data-id=\"ae4a01a\" data-element_type=\"widget\" data-widget_type=\"text-editor.default\">\n\t\t\t\t<div class=\"elementor-widget-container\">\n\t\t\t\t\t\t\t\t\t<p data-start=\"131\" data-end=\"364\">Me apasiona explorar todo lo relacionado con la producci\u00f3n de audio y v\u00eddeo. Disfruto creando y editando con herramientas como <strong data-start=\"258\" data-end=\"271\">Logic Pro<\/strong>, <strong data-start=\"273\" data-end=\"291\">Reason Studios<\/strong> y <strong data-start=\"294\" data-end=\"311\">Final Cut Pro<\/strong>, que forman parte esencial de mi proceso creativo.<\/p><p data-start=\"366\" data-end=\"709\">Dedico tiempo a experimentar con nuevas funcionalidades, optimizar flujos de trabajo y dar forma a proyectos tanto musicales como audiovisuales. Me esfuerzo por estar siempre al d\u00eda en lo referente al <strong data-start=\"567\" data-end=\"608\">hardware profesional de audio y v\u00eddeo<\/strong>, siguiendo muy de cerca las novedades en interfaces, micr\u00f3fonos, c\u00e1maras, monitores y controladores.<\/p><p data-start=\"711\" data-end=\"1022\">Adem\u00e1s, estoy profundamente interesado en el potencial de la <strong data-start=\"772\" data-end=\"853\">inteligencia artificial generativa como herramienta de apoyo a la creatividad<\/strong>. La IA me permite explorar nuevas ideas, enriquecer el proceso de composici\u00f3n, dise\u00f1o sonoro y edici\u00f3n, y abrir caminos que antes requer\u00edan mucho m\u00e1s tiempo o recursos.<\/p>\t\t\t\t\t\t\t\t<\/div>\n\t\t\t\t<\/div>\n\t\t\t\t\t<\/div>\n\t\t<\/div>\n\t\t\t\t\t<\/div>\n\t\t<\/section>\n\t\t\t\t<div class=\"elementor-element elementor-element-cac514c elementor-widget elementor-widget-slider_revolution\" data-id=\"cac514c\" data-element_type=\"widget\" data-widget_type=\"slider_revolution.default\">\n\t\t\t\t<div class=\"elementor-widget-container\">\n\t\t\t\t\t\n\t\t<div class=\"wp-block-themepunch-revslider\">\n\t\t\t<!-- START Estudio REVOLUTION SLIDER 6.7.33 --><p class=\"rs-p-wp-fix\"><\/p>\n\t\t\t<rs-module-wrap id=\"rev_slider_5_1_wrapper\" data-source=\"gallery\" style=\"visibility:hidden;background:transparent;padding:0;margin:0px auto;margin-top:0;margin-bottom:0;\">\n\t\t\t\t<rs-module id=\"rev_slider_5_1\" style=\"\" data-version=\"6.7.33\">\n\t\t\t\t\t<rs-slides style=\"overflow: hidden; position: absolute;\">\n\t\t\t\t\t\t<rs-slide style=\"position: absolute;\" data-key=\"rs-5\" data-title=\"Slide\" data-in=\"o:0;\" data-out=\"a:false;\">\n\t\t\t\t\t\t\t<img decoding=\"async\" src=\"\/\/www.desdeunrincon.site\/wp-content\/plugins\/revslider\/sr6\/assets\/assets\/dummy.png\" alt=\"\" title=\"22709473_165064714079265_6383123237890424832_n\" width=\"1080\" height=\"810\" class=\"rev-slidebg tp-rs-img rs-lazyload\" data-lazyload=\"\/\/www.desdeunrincon.site\/wp-content\/uploads\/2020\/08\/22709473_165064714079265_6383123237890424832_n.jpg\" data-no-retina>\n<!--\n\t\t\t\t\t\t\t--><rs-layer\n\t\t\t\t\t\t\t\tid=\"slider-5-slide-5-layer-0\" \n\t\t\t\t\t\t\t\tdata-type=\"image\"\n\t\t\t\t\t\t\t\tdata-rsp_ch=\"on\"\n\t\t\t\t\t\t\t\tdata-xy=\"x:626px;y:169px;\"\n\t\t\t\t\t\t\t\tdata-text=\"w:normal;\"\n\t\t\t\t\t\t\t\tdata-dim=\"w:462px;h:397px;\"\n\t\t\t\t\t\t\t\tdata-frame_999=\"o:0;st:w;\"\n\t\t\t\t\t\t\t\tstyle=\"z-index:7;\"\n\t\t\t\t\t\t\t><img decoding=\"async\" src=\"\/\/www.desdeunrincon.site\/wp-content\/plugins\/revslider\/sr6\/assets\/assets\/dummy.png\" alt=\"\" class=\"tp-rs-img rs-lazyload\" width=\"1349\" height=\"1160\" data-lazyload=\"\/\/www.desdeunrincon.site\/wp-content\/uploads\/2020\/08\/41675217_10155938996092169_2239704472815140864_o.jpg\" data-no-retina> \n\t\t\t\t\t\t\t<\/rs-layer><!--\n\n\t\t\t\t\t\t\t--><rs-layer\n\t\t\t\t\t\t\t\tid=\"slider-5-slide-5-layer-1\" \n\t\t\t\t\t\t\t\tdata-type=\"image\"\n\t\t\t\t\t\t\t\tdata-rsp_ch=\"on\"\n\t\t\t\t\t\t\t\tdata-xy=\"x:603px;y:703px;\"\n\t\t\t\t\t\t\t\tdata-text=\"w:normal;\"\n\t\t\t\t\t\t\t\tdata-dim=\"w:541px;h:406px;\"\n\t\t\t\t\t\t\t\tdata-frame_1=\"x:-612px;y:-245px;st:230;sR:230;\"\n\t\t\t\t\t\t\t\tdata-frame_999=\"o:0;st:w;sR:8470;\"\n\t\t\t\t\t\t\t\tstyle=\"z-index:6;\"\n\t\t\t\t\t\t\t><img loading=\"lazy\" decoding=\"async\" src=\"\/\/www.desdeunrincon.site\/wp-content\/plugins\/revslider\/sr6\/assets\/assets\/dummy.png\" alt=\"\" class=\"tp-rs-img rs-lazyload\" width=\"2560\" height=\"1920\" data-lazyload=\"\/\/www.desdeunrincon.site\/wp-content\/uploads\/2020\/08\/IMG_7489-scaled.jpg\" data-no-retina> \n\t\t\t\t\t\t\t<\/rs-layer><!--\n-->\t\t\t\t\t<\/rs-slide>\n\t\t\t\t\t<\/rs-slides>\n\t\t\t\t<\/rs-module>\n\t\t\t\t<script>\n\t\t\t\t\tsetREVStartSize({c: 'rev_slider_5_1',rl:[1240,1024,778,480],el:[900],gw:[1240],gh:[900],type:'standard',justify:'',layout:'fullwidth',mh:\"0\"});if (window.RS_MODULES!==undefined && window.RS_MODULES.modules!==undefined && window.RS_MODULES.modules[\"revslider51\"]!==undefined) {window.RS_MODULES.modules[\"revslider51\"].once = false;window.revapi5 = undefined;if (window.RS_MODULES.checkMinimal!==undefined) window.RS_MODULES.checkMinimal()}\n\t\t\t\t<\/script>\n\t\t\t<\/rs-module-wrap>\n\t\t\t<!-- END REVOLUTION SLIDER -->\n<\/div>\n\n\t\t\t\t\t\t<\/div>\n\t\t\t\t<\/div>\n\t\t\t\t\t<\/div>\n\t\t<\/div>\n\t\t\t\t\t<\/div>\n\t\t<\/section>\n\t\t\t\t<section class=\"elementor-section elementor-top-section elementor-element elementor-element-3fb458e1 elementor-section-stretched elementor-section-boxed elementor-section-height-default elementor-section-height-default\" data-id=\"3fb458e1\" data-element_type=\"section\" data-settings=\"{&quot;background_background&quot;:&quot;classic&quot;,&quot;stretch_section&quot;:&quot;section-stretched&quot;}\">\n\t\t\t\t\t\t<div class=\"elementor-container elementor-column-gap-extended\">\n\t\t\t\t\t<div class=\"elementor-column elementor-col-25 elementor-top-column elementor-element elementor-element-1aeda9cf\" data-id=\"1aeda9cf\" data-element_type=\"column\">\n\t\t\t<div class=\"elementor-widget-wrap elementor-element-populated\">\n\t\t\t\t\t\t<div class=\"elementor-element elementor-element-1ea89a25 elementor-view-default elementor-position-top elementor-mobile-position-top elementor-widget elementor-widget-icon-box\" data-id=\"1ea89a25\" data-element_type=\"widget\" data-widget_type=\"icon-box.default\">\n\t\t\t\t<div class=\"elementor-widget-container\">\n\t\t\t\t\t\t\t<div class=\"elementor-icon-box-wrapper\">\n\n\t\t\t\t\t\t<div class=\"elementor-icon-box-icon\">\n\t\t\t\t<span  class=\"elementor-icon\">\n\t\t\t\t<i aria-hidden=\"true\" class=\"fas fa-music\"><\/i>\t\t\t\t<\/span>\n\t\t\t<\/div>\n\t\t\t\n\t\t\t\t\t\t<div class=\"elementor-icon-box-content\">\n\n\t\t\t\t\t\t\t\t\t<h3 class=\"elementor-icon-box-title\">\n\t\t\t\t\t\t<span  >\n\t\t\t\t\t\t\tCOMPOSICI\u00d3N\t\t\t\t\t\t<\/span>\n\t\t\t\t\t<\/h3>\n\t\t\t\t\n\t\t\t\t\t\t\t\t\t<p class=\"elementor-icon-box-description\">\n\t\t\t\t\t\tCreaciones propias sin m\u00e1s pretensiones que las de explorar todo aquello que me apetezca y compartirlo\t\t\t\t\t<\/p>\n\t\t\t\t\n\t\t\t<\/div>\n\t\t\t\n\t\t<\/div>\n\t\t\t\t\t\t<\/div>\n\t\t\t\t<\/div>\n\t\t\t\t\t<\/div>\n\t\t<\/div>\n\t\t\t\t<div class=\"elementor-column elementor-col-25 elementor-top-column elementor-element elementor-element-40256704\" data-id=\"40256704\" data-element_type=\"column\">\n\t\t\t<div class=\"elementor-widget-wrap elementor-element-populated\">\n\t\t\t\t\t\t<div class=\"elementor-element elementor-element-2080a1a5 elementor-view-default elementor-position-top elementor-mobile-position-top elementor-widget elementor-widget-icon-box\" data-id=\"2080a1a5\" data-element_type=\"widget\" data-widget_type=\"icon-box.default\">\n\t\t\t\t<div class=\"elementor-widget-container\">\n\t\t\t\t\t\t\t<div class=\"elementor-icon-box-wrapper\">\n\n\t\t\t\t\t\t<div class=\"elementor-icon-box-icon\">\n\t\t\t\t<span  class=\"elementor-icon\">\n\t\t\t\t<i aria-hidden=\"true\" class=\"fas fa-guitar\"><\/i>\t\t\t\t<\/span>\n\t\t\t<\/div>\n\t\t\t\n\t\t\t\t\t\t<div class=\"elementor-icon-box-content\">\n\n\t\t\t\t\t\t\t\t\t<h3 class=\"elementor-icon-box-title\">\n\t\t\t\t\t\t<span  >\n\t\t\t\t\t\t\tM\u00daSICO\t\t\t\t\t\t<\/span>\n\t\t\t\t\t<\/h3>\n\t\t\t\t\n\t\t\t\t\t\t\t\t\t<p class=\"elementor-icon-box-description\">\n\t\t\t\t\t\tGuitarrista, bajista y bater\u00eda de mis propias producciones. El teclado me viene muy grande. \t\t\t\t\t<\/p>\n\t\t\t\t\n\t\t\t<\/div>\n\t\t\t\n\t\t<\/div>\n\t\t\t\t\t\t<\/div>\n\t\t\t\t<\/div>\n\t\t\t\t\t<\/div>\n\t\t<\/div>\n\t\t\t\t<div class=\"elementor-column elementor-col-25 elementor-top-column elementor-element elementor-element-4a7e3650\" data-id=\"4a7e3650\" data-element_type=\"column\">\n\t\t\t<div class=\"elementor-widget-wrap elementor-element-populated\">\n\t\t\t\t\t\t<div class=\"elementor-element elementor-element-9af5e1f elementor-view-default elementor-position-top elementor-mobile-position-top elementor-widget elementor-widget-icon-box\" data-id=\"9af5e1f\" data-element_type=\"widget\" data-widget_type=\"icon-box.default\">\n\t\t\t\t<div class=\"elementor-widget-container\">\n\t\t\t\t\t\t\t<div class=\"elementor-icon-box-wrapper\">\n\n\t\t\t\t\t\t<div class=\"elementor-icon-box-icon\">\n\t\t\t\t<span  class=\"elementor-icon\">\n\t\t\t\t<i aria-hidden=\"true\" class=\"fas fa-desktop\"><\/i>\t\t\t\t<\/span>\n\t\t\t<\/div>\n\t\t\t\n\t\t\t\t\t\t<div class=\"elementor-icon-box-content\">\n\n\t\t\t\t\t\t\t\t\t<h3 class=\"elementor-icon-box-title\">\n\t\t\t\t\t\t<span  >\n\t\t\t\t\t\t\tEDICI\u00d3N AUDIO\t\t\t\t\t\t<\/span>\n\t\t\t\t\t<\/h3>\n\t\t\t\t\n\t\t\t\t\t\t\t\t\t<p class=\"elementor-icon-box-description\">\n\t\t\t\t\t\tGrabaci\u00f3n, edici\u00f3n, mezcla y master en Logic Pro. Software secundario Reason Studios. \t\t\t\t\t<\/p>\n\t\t\t\t\n\t\t\t<\/div>\n\t\t\t\n\t\t<\/div>\n\t\t\t\t\t\t<\/div>\n\t\t\t\t<\/div>\n\t\t\t\t\t<\/div>\n\t\t<\/div>\n\t\t\t\t<div class=\"elementor-column elementor-col-25 elementor-top-column elementor-element elementor-element-6c85507a\" data-id=\"6c85507a\" data-element_type=\"column\">\n\t\t\t<div class=\"elementor-widget-wrap elementor-element-populated\">\n\t\t\t\t\t\t<div class=\"elementor-element elementor-element-32beb65b elementor-view-default elementor-position-top elementor-mobile-position-top elementor-widget elementor-widget-icon-box\" data-id=\"32beb65b\" data-element_type=\"widget\" data-widget_type=\"icon-box.default\">\n\t\t\t\t<div class=\"elementor-widget-container\">\n\t\t\t\t\t\t\t<div class=\"elementor-icon-box-wrapper\">\n\n\t\t\t\t\t\t<div class=\"elementor-icon-box-icon\">\n\t\t\t\t<span  class=\"elementor-icon\">\n\t\t\t\t<i aria-hidden=\"true\" class=\"fas fa-video\"><\/i>\t\t\t\t<\/span>\n\t\t\t<\/div>\n\t\t\t\n\t\t\t\t\t\t<div class=\"elementor-icon-box-content\">\n\n\t\t\t\t\t\t\t\t\t<h3 class=\"elementor-icon-box-title\">\n\t\t\t\t\t\t<span  >\n\t\t\t\t\t\t\tEdici\u00f3n de video\t\t\t\t\t\t<\/span>\n\t\t\t\t\t<\/h3>\n\t\t\t\t\n\t\t\t\t\t\t\t\t\t<p class=\"elementor-icon-box-description\">\n\t\t\t\t\t\tUso Final Cut Pro como software de video principal. \t\t\t\t\t<\/p>\n\t\t\t\t\n\t\t\t<\/div>\n\t\t\t\n\t\t<\/div>\n\t\t\t\t\t\t<\/div>\n\t\t\t\t<\/div>\n\t\t\t\t\t<\/div>\n\t\t<\/div>\n\t\t\t\t\t<\/div>\n\t\t<\/section>\n\t\t\t\t<\/div>\n\t\t","protected":false},"excerpt":{"rendered":"<p>M\u00e9dico de urgencias, m\u00fasico desde la adolescencia y apasionado del mundo audiovisual. Compagino mi vocaci\u00f3n m\u00e9dica con la m\u00fasica, que inici\u00e9 como guitarrista de \u00c1tico B,<span class=\"excerpt-hellip\"> [\u2026]<\/span><\/p>\n","protected":false},"author":1,"featured_media":0,"parent":0,"menu_order":0,"comment_status":"closed","ping_status":"closed","template":"","meta":{"footnotes":""},"class_list":["post-632","page","type-page","status-publish","hentry"],"_links":{"self":[{"href":"https:\/\/www.desdeunrincon.site\/index.php\/wp-json\/wp\/v2\/pages\/632"}],"collection":[{"href":"https:\/\/www.desdeunrincon.site\/index.php\/wp-json\/wp\/v2\/pages"}],"about":[{"href":"https:\/\/www.desdeunrincon.site\/index.php\/wp-json\/wp\/v2\/types\/page"}],"author":[{"embeddable":true,"href":"https:\/\/www.desdeunrincon.site\/index.php\/wp-json\/wp\/v2\/users\/1"}],"replies":[{"embeddable":true,"href":"https:\/\/www.desdeunrincon.site\/index.php\/wp-json\/wp\/v2\/comments?post=632"}],"version-history":[{"count":61,"href":"https:\/\/www.desdeunrincon.site\/index.php\/wp-json\/wp\/v2\/pages\/632\/revisions"}],"predecessor-version":[{"id":113785,"href":"https:\/\/www.desdeunrincon.site\/index.php\/wp-json\/wp\/v2\/pages\/632\/revisions\/113785"}],"wp:attachment":[{"href":"https:\/\/www.desdeunrincon.site\/index.php\/wp-json\/wp\/v2\/media?parent=632"}],"curies":[{"name":"wp","href":"https:\/\/api.w.org\/{rel}","templated":true}]}}